{"id":670,"date":"2025-09-18T14:54:18","date_gmt":"2025-09-18T11:54:18","guid":{"rendered":"https:\/\/3dminia.com.tr\/?post_type=product&#038;p=670"},"modified":"2025-09-18T14:54:18","modified_gmt":"2025-09-18T11:54:18","slug":"test-urunu","status":"publish","type":"product","link":"https:\/\/3dminia.com.tr\/index.php\/urun\/test-urunu\/","title":{"rendered":"Test \u00dcr\u00fcn\u00fc"},"content":{"rendered":"<p>test \u00fcr\u00fcn\u00fc<\/p>\n","protected":false},"excerpt":{"rendered":"<p>test \u00fcr\u00fcn\u00fc<\/p>\n","protected":false},"featured_media":584,"comment_status":"open","ping_status":"closed","template":"","meta":[],"product_brand":[],"product_cat":[97],"product_tag":[],"class_list":{"0":"post-670","1":"product","2":"type-product","3":"status-publish","4":"has-post-thumbnail","6":"product_cat-baski-urunleri","8":"first","9":"instock","10":"taxable","11":"shipping-taxable","12":"purchasable","13":"product-type-simple"},"_links":{"self":[{"href":"https:\/\/3dminia.com.tr\/index.php\/wp-json\/wp\/v2\/product\/670","targetHints":{"allow":["GET"]}}],"collection":[{"href":"https:\/\/3dminia.com.tr\/index.php\/wp-json\/wp\/v2\/product"}],"about":[{"href":"https:\/\/3dminia.com.tr\/index.php\/wp-json\/wp\/v2\/types\/product"}],"replies":[{"embeddable":true,"href":"https:\/\/3dminia.com.tr\/index.php\/wp-json\/wp\/v2\/comments?post=670"}],"wp:featuredmedia":[{"embeddable":true,"href":"https:\/\/3dminia.com.tr\/index.php\/wp-json\/wp\/v2\/media\/584"}],"wp:attachment":[{"href":"https:\/\/3dminia.com.tr\/index.php\/wp-json\/wp\/v2\/media?parent=670"}],"wp:term":[{"taxonomy":"product_brand","embeddable":true,"href":"https:\/\/3dminia.com.tr\/index.php\/wp-json\/wp\/v2\/product_brand?post=670"},{"taxonomy":"product_cat","embeddable":true,"href":"https:\/\/3dminia.com.tr\/index.php\/wp-json\/wp\/v2\/product_cat?post=670"},{"taxonomy":"product_tag","embeddable":true,"href":"https:\/\/3dminia.com.tr\/index.php\/wp-json\/wp\/v2\/product_tag?post=670"}],"curies":[{"name":"wp","href":"https:\/\/api.w.org\/{rel}","templated":true}]}}